 44?
9
What is the remainder when 236 is divided by 114?
8
What is the remainder when 96 is divided by 46?
4
Calculate the remainder when 1189 is divided by 70.
69
Calculate the remainder when 273 is divided by 144.
129
Calculate the remainder when 796 is divided by 16.
12
Calculate the remainder when 377 is divided by 42.
41
What is the remainder when 502 is divided by 42?
40
What is the remainder when 105 is divided by 16?
9
Calculate the remainder when 413 is divided by 16.
13
Calculate the remainder when 4022 is divided by 122.
118
Calculate the remainder when 522 is divided by 496.
26
Calculate the remainder when 2060 is divided by 412.
0
What is the remainder when 382 is divided by 194?
188
Calculate the remainder when 114 is divided by 61.
53
Calculate the remainder when 345 is divided by 184.
161
What is the remainder when 164 is divided by 117?
47
Calculate the remainder when 237 is divided by 48.
45
Calculate the remainder when 299 is divided by 17.
10
Calculate the remainder when 13028 is divided by 72.
68
What is the remainder when 235 is divided by 132?
103
What is the remainder when 172 is divided by 62?
48
What is the remainder when 2014 is divided by 224?
222
Calculate the remainder when 354 is divided by 13.
3
Calculate the remainder when 284 is divided by 19.
18
Calculate the remainder when 258 is divided by 35.
13
What is the remainder when 298 is divided by 51?
43
What is the remainder when 578 is divided by 63?
11
Calculate the remainder when 65 is divided by 17.
14
Calculate the remainder when 2301 is divided by 235.
186
Calculate the remainder when 135 is divided by 99.
36
Calculate the remainder when 1683 is divided by 420.
3
What is the remainder when 210 is divided by 55?
45
What is the remainder when 6016 is divided by 118?
116
Calculate the remainder when 213 is divided by 45.
33
Calculate the remainder when 36 is divided by 28.
8
What is the remainder when 44 is divided by 7?
2
Calculate the remainder when 101 is divided by 18.
11
What is the remainder when 789 is divided by 72?
69
Calculate the remainder when 53 is divided by 2.
1
What is the remainder when 5290 is divided by 36?
34
Calculate the remainder when 350 is divided by 39.
38
Calculate the remainder when 309 is divided by 20.
9
What is the remainder when 1343 is divided by 134?
3
What is the remainder when 2950 is divided by 72?
70
What is the remainder when 60 is divided by 33?
27
Calculate the remainder when 1579 is divided by 10.
9
Calculate the remainder when 1149 is divided by 234.
213
What is the remainder when 230 is divided by 30?
20
Calculate the remainder when 218 is divided by 25.
18
What is the remainder when 141 is divided by 11?
9
What is the remainder when 7591 is divided by 13?
12
Calculate the remainder when 363 is divided by 64.
43
What is the remainder when 77 is divided by 38?
1
Calculate the remainder when 268 is divided by 52.
8
What is the remainder when 347 is divided by 239?
108
What is the remainder when 417 is divided by 35?
32
What is the remainder when 27 is divided by 14?
13
What is the remainder when 330 is divided by 91?
57
Calculate the remainder when 545 is divided by 6.
5
What is the remainder when 1511 is divided by 3?
2
What is the remainder when 247 is divided by 63?
58
Calculate the remainder when 1391 is divided by 173.
7
What is the remainder when 216 is divided by 128?
88
What is the remainder when 176 is divided by 63?
50
Calculate the remainder when 455 is divided by 113.
3
Calculate the remainder when 674 is divided by 214.
32
Calculate the remainder when 25452 is divided by 8481.
9
Calculate the remainder when 988 is divided by 111.
100
What is the remainder when 112 is divided by 39?
34
What is the remainder when 145 is divided by 41?
22
Calculate the remainder when 284 is divided by 32.
28
Calculate the remainder when 30622 is divided by 58.
56
What is the remainder when 500 is divided by 126?
122
Calculate the remainder when 1918 is divided by 128.
126
What is the remainder when 86 is divided by 18?
14
What is the remainder when 401 is divided by 81?
77
What is the remainder when 246 is divided by 43?
31
What is the remainder when 338 is divided by 15?
8
Calculate the remainder when 71 is divided by 12.
11
Calculate the remainder when 1701 is divided by 15.
6
Calculate the remainder when 1156 is divided by 22.
12
What is the remainder when 157 is divided by 25?
7
What is the remainder when 305 is divided by 21?
11
What is the remainder when 833 is divided by 416?
1
What is the remainder when 224 is divided by 33?
26
What is the remainder when 1277 is divided by 71?
70
What is the remainder when 2819 is divided by 94?
93
What is the remainder when 5398 is divided by 20?
18
What is the remainder when 188 is divided by 48?
44
What is the remainder when 2963 is divided by 8?
3
Calculate the remainder when 887 is divided by 28.
19
What is the remainder when 8185 is divided by 16?
9
What is the remainder when 65 is divided by 11?
10
What is the remainder when 3587 is divided by 131?
50
Calculate the remainder when 363 is divided by 74.
67
What is the remainder when 505 is divided by 176?
153
What is the remainder when 346 is divided by 27?
22
Calculate the remainder when 4 is divided by 4.
0
What is the remainder when 587 is divided by 195?
2
What is the remainder when 405 is divided by 58?
57
What is the remainder when 112 is divided by 20?
12
What is the remainder when 1612 is divided by 21?
16
Calculate the remainder when 30 is divided by 27.
3
Calculate the remainder when 85 is divided by 7.
1
Calculate the remainder when 77 is divided by 6.
5
Calculate the remainder when 259 is divided by 75.
34
What is the remainder when 233 is divided by 8?
1
Calculate the remainder when 136 is divided by 17.
0
What is the remainder when 1614 is divided by 28?
18
What is the remainder when 199 is divided by 132?
67
Calculate the remainder when 209 is divided by 100.
9
What is the remainder when 26 is divided by 9?
8
What is the remainder when 2329 is divided by 250?
79
Calculate the remainder when 130 is divided by 92.
38
Calculate the remainder when 50 is divided by 28.
22
What is the remainder when 67 is divided by 55?
12
Calculate the remainder when 2145 is divided by 58.
57
What is the remainder when 2215 is divided by 222?
217
Calculate the remainder when 250 is divided by 26.
16
Calculate the remainder when 400 is divided by 61.
34
What is the remainder when 387 is divided by 6?
3
What is the remainder when 3911 is divided by 3897?
14
Calculate the remainder when 914 is divided by 297.
23
What is the remainder when 33 is divided by 16?
1
What is the remainder when 75 is divided by 8?
3
What is the remainder when 990 is divided by 219?
114
What is the remainder when 526 is divided by 31?
30
What is the remainder when 1664 is divided by 37?
36
Calculate the remainder when 620 is divided by 176.
92
Calculate the remainder when 9257 is divided by 47.
45
What is the remainder when 1151 is divided by 17?
12
Calculate the remainder when 346 is divided by 118.
110
What is the remainder when 183 is divided by 80?
23
Calculate the remainder when 208 is divided by 44.
32
Calculate the remainder when 217 is divided by 213.
4
What is the remainder when 152 is divided by 31?
28
What is the remainder when 3153 is divided by 83?
82
Calculate the remainder when 2842 is divided by 40.
2
What is the remainder when 55 is divided by 49?
6
Calculate the remainder when 1535 is divided by 508.
11
Calculate the remainder when 495 is divided by 83.
80
Calculate the remainder when 252 is divided by 64.
60
Calculate the remainder when 264 is divided by 130.
4
Calculate the remainder when 2356 is divided by 53.
24
What is the remainder when 4523 is divided by 9?
5
Calculate the remainder when 230 is divided by 69.
23
What is the remainder when 140 is divided by 26?
10
Calculate the remainder when 262 is divided by 24.
22
What is the remainder when 502 is divided by 24?
22
What is the remainder when 288 is divided by 111?
66
Calculate the remainder when 497 is divided by 20.
17
Calculate the remainder when 2589 is divided by 72.
69
What is the remainder when 2014 is divided by 14?
12
What is the remainder when 454 is divided by 145?
19
What